t) = t**3 + t - 6. Determine w(b).
-6
Let d = 6 - 9. Let k(c) = c**2 + c. Let s(n) = -5*n**2 - 6*n + 1. Let t(u) = 6*u**2 + 7*u - 1. Let o(h) = -4*s(h) - 3*t(h). Let f(x) = k(x) - o(x). Give f(d).
-2
Suppose 0 = w + 4 - 8. Suppose 0 = 3*l + 2*k + 19, -w*l + l + 2*k + 1 = 0. Let q be (-5)/5*l/1. Let p(a) = -a**3 + 2*a**2 + 4. Calculate p(q).
-5
Let d be 2/(-6) - 245/(-15). Let n = 16 - d. Let m(r) be the second derivative of r**5/20 + r**4/12 - r**3/6 + r. Calculate m(n).
0
Let z(l) = -5*l**3 + 0 + 2*l**3 + 0 + l**2. Let d = -1 - 0. Calculate z(d).
4
Suppose -5*v = -2*m - 7, 5 = -3*v + 3*m + 2. Let r(i) = -i**2 + i + v + 1 + 5*i. Calculate r(3).
13
Let o(d) = 6*d + 3. Let h(w) = -7*w - 3. Let l(p) = 4*h(p) + 5*o(p). Calculate l(-2).
-1
Let s be (-20)/(-6)*(78/12 + -5). Let d(k) = k**3 - 5*k**2 - k + 1. Give d(s).
-4
Let q(b) = -b**3 - 6*b**2 + 15*b - 6. Let y be q(-8). Let k(t) = -t**3 + t + 1. Determine k(y).
-5
Let u be (3/6)/(2/(-20)). Let y(a) = -a**2 - 4*a - 1. Give y(u).
-6
Let r = 2 + -3. Let o(l) = -7*l**2 - l - 5. Let i(z) = 21*z**2 + 3*z + 14. Let h(n) = 4*i(n) + 11*o(n). Calculate h(r).
7
Let y(k) be the second derivative of -k**6/120 - k**5/20 - k**3/3 - 11*k**2/2 - 3*k. Let t(l) be the first derivative of y(l). What is t(-3)?
-2
Suppose 0 = -4*x + x. Suppose 0*k + k - 20 = x. Suppose 5*l - 4*c - k = c, -c + 11 = 2*l. Let f(n) = -n**2 + 3*n + 4. Calculate f(l).
-6
Let b(m) = m - 5. Let a(u) = u + 5. Let j be a(11). Let v = j - 12. Determine b(v).
-1
Let a(f) = 269 + f**2 + 0*f - 539 + 273 - 5*f. What is a(5)?
3
Let g(b) = 0*b + 2*b**3 - 3*b**3 - b - 5*b**2 + 7 + 2*b. Calculate g(-5).
2
Let z(i) be the third derivative of 7/24*i**4 + i**3 - 2*i**2 + 1/60*i**5 + 0 + 0*i. Give z(-6).
0
Let j be 38/8 - 2/(-8). Let o(s) = -5 - 4*s**3 + 2*s + 5*s**3 - 4*s**2 - 6*s. Determine o(j).
0
Let d(a) = a**2 - 2*a + 1. Let r be d(3). Let c = 6 - r. Let y(j) = c + j + j + 4. Calculate y(-5).
-4
Let r(n) = -2*n - 6. Let x be r(-5). Suppose -l - 2 = 2. Let j(o) = -4*o**2 + 6*o. Let m(g) = -5*g**2 + 7*g. Let a(s) = l*j(s) + 3*m(s). Calculate a(x).
4
Let y(n) be the second derivative of -n**5/20 + n**4/6 + n**3/6 - n**2/2 + 3*n. Determine y(1).
1
Let l = 8 + -15. Let c(g) = g. Calculate c(l).
-7
Let b be 29*((-3)/(-3) - 2). Let y = 27 + b. Let i(p) = -p**2 + p + 1. Let c(f) = 7*f**2 - 8*f - 9. Let a(r) = c(r) + 6*i(r). Calculate a(y).
5
Suppose 11 = 3*o + 2. Suppose g - o = -0*g. Let u(v) = -v + 2. Give u(g).
-1
Let k(a) = -7*a**3 - 12*a**2 - 14*a + 19. Let y(s) = 3*s**3 + 6*s**2 + 7*s - 9. Let i(m) = 4*k(m) + 9*y(m). Give i(7).
-5
Let p(s) = -8 + 0*s - 2*s + 4*s + 3. Determine p(-6).
-17
Let q(k) = -3*k**2 - k - 2. Let s(m) = m**2 - 11*m + 8. Let i be s(10). Determine q(i).
-12
Let o = -1 + -1. Let y be (0 - o)*(-2)/(-2). Suppose 0*h - 5*h + 30 = 5*x, -2*h + y*x + 8 = 0. Let s(z) = -z**2 + 8*z - 7. Calculate s(h).
8
Let a(p) be the second derivative of p**5/20 - 5*p**4/12 + 5*p**3/6 - 2*p**2 - 16*p. Give a(4).
0
Let r(y) = -y - 1. Let h be r(-4). Let a(g) = 3 - 4*g - h + 5*g. What is a(-1)?
-1
Let g be (-2)/(-7) - (-4)/(-14). Let n(m) = m**2 - m + 3. Calculate n(g).
3
Let d(t) = -2*t. Let k(p) = -p - 2 + 2*p + 1. Let s(w) = -2*d(w) - 2*k(w). Let i = 8 - 6. Calculate s(i).
6
Let s(v) = -v**3 - 3*v**2 + 1. Let k be (-2)/((-15)/6 + 3). Give s(k).
17
Let g(r) = -3*r**2 + 7*r + 2. Let i(n) = -4*n**2 + 11*n + 3. Suppose 19 = -5*k - 16. Let o(d) = k*g(d) + 5*i(d). What is o(-4)?
-7
Suppose 5*y = -4*v + 20, 4*v + 14 + 2 = 4*y. Suppose 2*i + y = w + 5*i, 0 = 4*i. Let x(t) = t**3 - 4*t**2 - 3. Determine x(w).
-3
Suppose 0 = y + 7 - 1. Let c = 5 + -5. Let a(k) = c*k + 0 - 2 - k. Calculate a(y).
4
Let n be 4 - (-87)/(-21) - (-44)/14. Let m(c) = -c**3 + 2*c**2 + 3*c - 1. What is m(n)?
-1
Let g(w) = -3 + w**2 - 5 + 6. Let d(l) = -l**2 + 8*l - 8. Let f be d(6). Calculate g(f).
14
Suppose 0 = -5*g - 3*k, -5*g + 2*k + 10 = -15. Let w(c) = -c + 1 + g*c + c**2 + 0*c**2. Calculate w(-2).
1
Suppose -r + 4*o = -26, -4*r + 4 + 5 = 3*o. Let m(c) = -2 - c - 4*c + r*c. Calculate m(-4).
-6
Let l be (-8)/4 + (4 - 0). Let g(v) be the first derivative of -5*v + v**3 - l - 5/2*v**2 + 1/4*v**4. Determine g(-4).
-1
Let k be (-13)/(-4) + 1/(-4). Suppose -3 = -5*i - 8, -5 = -2*q - k*i. Let n(t) = 3*t + 4 + 2 + t**3 - 5*t**2 - q*t. What is n(5)?
1
Let q(d) = 3*d**3 + 2*d**2 - 2*d + 1. Let c be q(1). Suppose c*z + 24 + 0 = 0. Let a(h) = h**2 + 5*h. What is a(z)?
6
Let v be (-2)/(-2)*(1 - -2). Suppose 2*a - g - 2 = 0, 4*a - 3 = v*g + 1. Let m(q) = 5 + 0 - q - a. Give m(3).
1
Let j(y) be the second derivative of -y**3/6 + y**2/2 - 15*y. Calculate j(5).
-4
Let v(o) = o + 5. Suppose 6*p - 3*p - 15 = 0, 0 = -3*c + 2*p - 10. What is v(c)?
5
Let y(a) be the first derivative of 2*a**4 - a**3/3 - a**2 - a + 5. Calculate y(-1).
-8
Let i(m) be the third derivative of m**6/30 - m**5/30 + m**3/6 - 7*m**2. Determine i(-1).
-5
Let k(p) = -p**2 - 3*p - 1. Let f be k(-2). Let i(c) = -c. Calculate i(f).
-1
Let j(o) be the first derivative of 0*o + 4/3*o**3 + 0*o**2 + 1/360*o**6 - 5 - 1/24*o**5 - 7/24*o**4. Let a(n) be the third derivative of j(n). Calculate a(5).
-7
Let a(o) = -o + 3. Let y be (-16)/(-5)*(-90)/(-12). Let v be (y/(-9))/(4/(-6)). Suppose 0 = v*d - 3*d - 5. Calculate a(d).
-2
Let a(j) be the second derivative of j**4/6 + 5*j**3/6 + j**2 + 7*j. Calculate a(-4).
14
Let n(d) = 0*d**3 + 0*d**3 + d**3 + 1. Give n(2).
9
Let y(d) = 3*d + 0 - 6 - 2. Give y(6).
10
Let z(i) = -2*i**2 + 2*i + 2. Suppose 3*o = 2*j - 8 - 4, -3*o - 2*j = 0. Calculate z(o).
-10
Let v(p) = p**2 - 8*p. Let s(b) = b**2 - 7*b. Let y(i) = 6*s(i) - 5*v(i). Let h be y(3). Let g(u) be the third derivative of -u**4/24 + u**2. Calculate g(h).
-3
Let q be 6/12*(11 + 0 - 1). Let b(d) = 4*d - 4. Determine b(q).
16
Let j = 27 + -26. Let q(h) be the first derivative of 2*h**2 - h - 1. What is q(j)?
3
Let l(c) be the first derivative of c**6/360 + c**5/40 + c**4/8 + c**3/3 - 7. Let a(x) be the third derivative of l(x). What is a(-3)?
3
Let y = 11 - 6. Suppose 5*x - 6 = -2*m + 6, -m = -3*x + y. Let k(b) = b**2 + 5*b**2 + 4*b - 3 + 0*b**3 + x*b**3 - b**3. Calculate k(-5).
2
Let t(k) = -5*k + 4*k - 9 + k + 8*k - 8*k**2. Let d be (-17)/(-2)*(-2 + 0). Let a(z) = -23*z**2 + 23*z - 26. Let x(b) = d*t(b) + 6*a(b). Give x(2).
-7
Suppose -2 - 1 = -o. Suppose -2*z = o*h + z + 30, -16 = 2*h + z. Let g(n) = -n - 2. Calculate g(h).
4
Let g(t) = t**3 + 6*t**2 + 2*t - 7. Let u be (17 - 0) + (-2 - 0). Suppose 0 = -2*m - 2*m - 4*k + 4, -4*m = -4*k + 4. Suppose -3*c - u = -m*c. Give g(c).
8
Let w(n) = 1 - 19*n**2 - n**3 + 32*n**2 - 7*n - 22*n**2. Give w(-8).
-7
Let m(k) = 3 + 131*k - k**3 + 5*k**2 - 136*k + 0*k**3. Calculate m(3).
6
Let a(h) = 2*h + 3. Let l be (-6)/(-3) + 33 + 0. Let c = l + -10. Suppose -2*o = -10, 3*g = -0*g + 2*o - c. Give a(g).
-7
Let s(v) = v + 6 - 6 - 10*v**2 + 9*v**2. Give s(-1).
-2
Let b(t) = 5*t + 3. Let q be (2 + 2/(-3))/((-6)/9). Determine b(q).
-7
Let g(v) = 11*v + 24. Let p(x) = 7*x + 16. Let t(k) = -5*g(k) + 8*p(k). Give t(-6).
2
Suppose 11 = 5*m + 26. Let t be 21/18 + m/18. Let l(f) = -f. Let w(o) = -11*o + 1. Let n(z) = 5*l(z) - w(z). Determine n(t).
5
Let z be (-21)/(-12) + 1/4. Let j = z - 2. Let g(d) = d. Let r(f) = 5*f - 5. Let t(y) = 4*g(y) - r(y). Give t(j).
5
Let f = -41 + 37. Let u(m) = m**3 + 4*m**2 - 2*m + 4. Determine u(f).
12
Let b(j) = 2*j**3 + 3*j**2. Let r be 5/4 - 2/8. Let f be -9 + 7 + -1 + r. Determine b(f).
-4
Let a(r) = -14*r**2 + 24*r - 4. Let h(i) = 5*i**2 - 8*i + 1. Suppose 5*j - 4*j = -4. Let z(l) = j*a(l) - 11*h(l). Give z(6).
-7
Let k(i) be the first derivative of -i**5/120 + 5*i**4/24 + 2*i**3/3 - 1. Let r(h) be the third derivative of k(h). Let n = -18 - -18. Calculate r(n).
5
Let t(x) = -x + 3. Let c(v) = -v**3 + 11*v**2 + 11*v + 18. Let y be c(12). Give t(y).
-3
Let q(f) = f**2 - 6*f**2 + 1 - 4 + 4*f + f**3. Let a(d) = d**3 + d**2 - 5*d - 3. Let h be a(-2). Calculate q(h).
-9
Let o(j) = j**3 - 8*j - 4. Let c be o(-2). Let r(i) = -2*i**2 + 4*i + 3. Calculate r(c).
-13
Let d(s) = 2*s**2 + 10*s - 14. Let l be d(-6). Let w(g) = -3*g**2 - g + 1. Determine w(l).
-9
Let b(y) = -4*y. Let h(g) = 3*g. Let q(d) = -4*b(d) - 5*h(d). Let k(c) = c. Let r(j) = -6*k(j) + 5*q(j). Let m(l) = l - 2. Let p be m